{"id":122,"date":"2020-01-28T14:12:57","date_gmt":"2020-01-28T14:12:57","guid":{"rendered":"http:\/\/metallbau-maeck.heliotronic.gmbh\/?page_id=122"},"modified":"2020-01-28T14:12:57","modified_gmt":"2020-01-28T14:12:57","slug":"datenschutzerklaerung","status":"publish","type":"page","link":"https:\/\/www.metallbau-maeck.de\/?page_id=122","title":{"rendered":"Datenschutzerkl\u00e4rung"},"content":{"rendered":"\n<p><strong>Datenschutzerkl\u00e4rung<\/strong><\/p>\n\n\n\n<p><strong>Anbieter und verantwortliche Stelle im Sinne des Datenschutzgesetzes<\/strong><\/p>\n\n\n\n<p>Metallbau M\u00e4ck<br>Dietmar M\u00e4ck<br>S\u00f6flingerstrasse 128<br>89077 Ulm<\/p>\n\n\n\n<p><strong>Geltungsbereich<\/strong><\/p>\n\n\n\n<p>Nutzer erhalten mit dieser Datenschutzerkl\u00e4rung Information \u00fcber die \nArt, den Umfang und Zweck der Erhebung und Verwendung ihrer Daten durch \nden verantwortlichen Anbieter erhoben und verwendet werden.<\/p>\n\n\n\n<p>Den rechtlichen Rahmen f\u00fcr den Datenschutz bilden das Bundesdatenschutzgesetz (BDSG) und das Telemediengesetz (TMG).<\/p>\n\n\n\n<p><strong>Erfassung allgemeiner Informationen<\/strong><\/p>\n\n\n\n<p>Mit jedem Zugriff auf dieses Angebot werden durch uns bzw. den \nWebspace-Provider automatisch Informationen erfasst. Diese \nInformationen, auch als Server-Logfiles bezeichnet, sind allgemeiner \nNatur und erlauben keine R\u00fcckschl\u00fcsse auf Ihre Person.<\/p>\n\n\n\n<p>Erfasst werden unter anderem: Name der Webseite, Datei, Datum, \nDatenmenge, Webbrowser und Webbrowser-Version, Betriebssystem, der \nDomainname Ihres Internet-Providers, die sogenannte Referrer-URL (jene \nSeite, von der aus Sie auf unser Angebot zugegriffen haben) und die \nIP-Adresse.<\/p>\n\n\n\n<p>Ohne diese Daten w\u00e4re es technisch teils nicht m\u00f6glich, die Inhalte \nder Webseite auszuliefern und darzustellen. Insofern ist die Erfassung \nder Daten zwingend notwendig. Dar\u00fcber hinaus verwenden wir die anonymen \nInformationen f\u00fcr statistische Zwecke. Sie helfen uns bei der \nOptimierung des Angebots und der Technik. Wir behalten uns zudem das \nRecht vor, die Log-Files bei Verdacht auf eine rechtswidrige Nutzung \nunseres Angebotes nachtr\u00e4glich zu kontrollieren.<\/p>\n\n\n\n<p><strong>Kontaktformular<\/strong><\/p>\n\n\n\n<p>Wenn Sie uns \u00fcber das Onlineformular oder per E-Mail kontaktieren, \nspeichern wir die von Ihnen gemachten Angaben, um Ihre Anfrage \nbeantworten und m\u00f6gliche Anschlussfragen stellen zu k\u00f6nnen.<\/p>\n\n\n\n<p><strong>Einbindung von Diensten und Inhalten Dritter<\/strong><\/p>\n\n\n\n<p>Unser Angebot umfasst mitunter Inhalte, Dienste und Leistungen \nanderer Anbieter. Das sind zum Beispiel Karten, die von Google-Maps zur \nVerf\u00fcgung gestellt werden, Videos von YouTube sowie Grafiken und Bilder \nanderer Webseiten. Damit diese Daten im Browser des Nutzers aufgerufen \nund dargestellt werden k\u00f6nnen, ist die \u00dcbermittlung der IP-Adresse \nzwingend notwendig. Die Anbieter (im Folgenden als \u201eDritt-Anbieter\u201c \nbezeichnet) nehmen also die IP-Adresse des jeweiligen Nutzers wahr.<\/p>\n\n\n\n<p>Auch wenn wir bem\u00fcht sind, ausschlie\u00dflich Dritt-Anbieter zu nutzen, \nwelche die IP-Adresse nur ben\u00f6tigen, um Inhalte ausliefern zu k\u00f6nnen, \nhaben wir keinen Einfluss darauf, ob die IP-Adresse m\u00f6glicherweise \ngespeichert wird. Dieser Vorgang dient in dem Fall unter anderem \nstatistischen Zwecken. Sofern wir Kenntnis davon haben, dass die \nIP-Adresse gespeichert wird, weisen wir unsere Nutzer darauf hin.<\/p>\n\n\n\n<p><strong>Cookies<\/strong><\/p>\n\n\n\n<p>Diese Webseite verwendet sogenannte Cookies. Das sind Textdateien, \ndie vom Server aus auf Ihrem Rechner gespeichert werden. Sie enthalten \nInformationen zum Browser, zur IP-Adresse, dem Betriebssystem und zur \nInternetverbindung. Diese Daten werden von uns nicht an Dritte \nweitergegeben oder ohne ihre Zustimmung mit personenbezogenen Daten \nverkn\u00fcpft.<\/p>\n\n\n\n<p>Cookies erf\u00fcllen vor allem zwei Aufgaben. Sie helfen uns, Ihnen die \nNavigation durch unser Angebot zu erleichtern, und erm\u00f6glichen die \nkorrekte Darstellung der Webseite. Sie werden nicht dazu genutzt, Viren \neinzuschleusen oder Programme zu starten.<\/p>\n\n\n\n<p>Nutzer haben die M\u00f6glichkeit, unser Angebot auch ohne Cookies \naufzurufen. Dazu m\u00fcssen im Browser die entsprechenden Einstellungen \nge\u00e4ndert werden. Informieren Sie sich bitte \u00fcber die Hilfsfunktion Ihres\n Browsers, wie Cookies deaktiviert werden. Wir weisen allerdings darauf \nhin, dass dadurch einige Funktionen dieser Webseite m\u00f6glicherweise \nbeeintr\u00e4chtigt werden und der Nutzungskomfort eingeschr\u00e4nkt wird. Die \nSeiten <a href=\"http:\/\/www.aboutads.info\/choices\/\">http:\/\/www.aboutads.info\/choices\/<\/a> (USA) und <a href=\"http:\/\/www.youronlinechoices.com\/uk\/your-ad-choices\/\">http:\/\/www.youronlinechoices.com\/uk\/your-ad-choices\/<\/a> (Europa) erlauben es Ihnen, Online-Anzeigen-Cookies zu verwalten.<\/p>\n\n\n\n<p><strong>Datensparsamkeit<\/strong><\/p>\n\n\n\n<p>Personenbezogene Daten speichern wir gem\u00e4\u00df den Grunds\u00e4tzen der \nDatenvermeidung und Datensparsamkeit nur so lange, wie es erforderlich \nist oder vom Gesetzgeber her vorgeschrieben wird (gesetzliche \nSpeicherfrist). Entf\u00e4llt der Zweck der erhobenen Informationen oder \nendet die Speicherfrist, sperren oder l\u00f6schen wir die Daten.<\/p>\n\n\n\n<p><strong>Ihre Rechte auf Auskunft, Berichtigung, Sperre, L\u00f6schung und Widerspruch<\/strong><\/p>\n\n\n\n<p>Sie haben das Recht, auf Antrag unentgeltlich eine Auskunft, \u00fcber die\n bei uns gespeicherten personenbezogenen Daten, anzufordern und\/oder \neine Berichtigung, Sperrung oder L\u00f6schung zu verlangen. Ausnahmen: Es \nhandelt sich um die vorgeschriebene Datenspeicherung zur \nGesch\u00e4ftsabwicklung oder die Daten unterliegen der gesetzlichen \nAufbewahrungspflicht.<\/p>\n\n\n\n<p>F\u00fcr diese Zwecke kontaktieren Sie bitte unseren Datenschutzbeauftragen (Kontaktdaten: am Ende der Datenschutzerkl\u00e4rung).<\/p>\n\n\n\n<p>Um eine Datensperre jederzeit ber\u00fccksichtigen zu k\u00f6nnen, ist es \nerforderlich, die Daten f\u00fcr Kontrollzwecke in einer Sperrdatei \nvorzuhalten. Besteht keine gesetzliche Archivierungspflicht, k\u00f6nnen Sie \nauch die L\u00f6schung der Daten verlangen. Anderenfalls sperren wir die \nDaten, sofern Sie dies w\u00fcnschen.<\/p>\n\n\n\n<p><strong>\u00c4nderung unserer Datenschutzerkl\u00e4rung<\/strong><\/p>\n\n\n\n<p>Um zu gew\u00e4hrleisten, dass unsere Datenschutzerkl\u00e4rung stets den \naktuellen gesetzlichen Vorgaben entspricht, behalten wir uns jederzeit \n\u00c4nderungen vor. Das gilt auch f\u00fcr den Fall, dass die \nDatenschutzerkl\u00e4rung aufgrund neuer oder \u00fcberarbeiteter Leistungen, zum \nBeispiel neuer Serviceleistungen, angepasst werden muss. Die neue \nDatenschutzerkl\u00e4rung greift dann bei Ihrem n\u00e4chsten Besuch auf unserem \nAngebot.<\/p>\n\n\n\n<p>Quelle: Datenschutz-Konfigurator von <a href=\"http:\/\/www.mein-datenschutzbeauftragter.de\" target=\"_blank\" rel=\"noreferrer noopener\">mein-datenschutzbeauftragter.de<\/a><\/p>\n","protected":false},"excerpt":{"rendered":"<p>Datenschutzerkl\u00e4rung Anbieter und verantwortliche Stelle im Sinne des Datenschutzgesetzes Metallbau M\u00e4ckDietmar M\u00e4ckS\u00f6flingerstrasse 12889077 Ulm Geltungsbereich Nutzer erhalten mit dieser Datenschutzerkl\u00e4rung Information \u00fcber die Art, den Umfang und Zweck der Erhebung und Verwendung ihrer Daten durch den verantwortlichen Anbieter erhoben und verwendet werden. Den rechtlichen Rahmen f\u00fcr den Datenschutz bilden das Bundesdatenschutzgesetz (BDSG) und das Telemediengesetz &hellip; <a href=\"https:\/\/www.metallbau-maeck.de\/?page_id=122\" class=\"more-link\"><span class=\"screen-reader-text\">\u201eDatenschutzerkl\u00e4rung\u201c<\/span> weiterlesen<\/a><\/p>\n","protected":false},"author":2,"featured_media":0,"parent":0,"menu_order":0,"comment_status":"closed","ping_status":"closed","template":"","meta":{"footnotes":""},"_links":{"self":[{"href":"https:\/\/www.metallbau-maeck.de\/index.php?rest_route=\/wp\/v2\/pages\/122"}],"collection":[{"href":"https:\/\/www.metallbau-maeck.de\/index.php?rest_route=\/wp\/v2\/pages"}],"about":[{"href":"https:\/\/www.metallbau-maeck.de\/index.php?rest_route=\/wp\/v2\/types\/page"}],"author":[{"embeddable":true,"href":"https:\/\/www.metallbau-maeck.de\/index.php?rest_route=\/wp\/v2\/users\/2"}],"replies":[{"embeddable":true,"href":"https:\/\/www.metallbau-maeck.de\/index.php?rest_route=%2Fwp%2Fv2%2Fcomments&post=122"}],"version-history":[{"count":2,"href":"https:\/\/www.metallbau-maeck.de\/index.php?rest_route=\/wp\/v2\/pages\/122\/revisions"}],"predecessor-version":[{"id":260,"href":"https:\/\/www.metallbau-maeck.de\/index.php?rest_route=\/wp\/v2\/pages\/122\/revisions\/260"}],"wp:attachment":[{"href":"https:\/\/www.metallbau-maeck.de\/index.php?rest_route=%2Fwp%2Fv2%2Fmedia&parent=122"}],"curies":[{"name":"wp","href":"https:\/\/api.w.org\/{rel}","templated":true}]}}